3584?
14
Calculate the greatest common factor of 127 and 2.
1
Calculate the highest common factor of 836 and 11.
11
Calculate the highest common factor of 208 and 1300.
52
Calculate the greatest common divisor of 1104 and 6.
6
What is the highest common factor of 6006 and 693?
231
Calculate the greatest common factor of 19 and 95.
19
Calculate the highest common divisor of 14 and 91.
7
Calculate the greatest common divisor of 28 and 48.
4
What is the highest common factor of 5632 and 88?
88
What is the highest common factor of 9 and 1143?
9
Calculate the highest common factor of 1598 and 1880.
94
Calculate the highest common divisor of 1092 and 504.
84
What is the greatest common factor of 185 and 2516?
37
What is the highest common factor of 224 and 992?
32
What is the highest common divisor of 2001 and 6?
3
Calculate the greatest common divisor of 296 and 666.
74
What is the highest common divisor of 1420 and 15?
5
What is the greatest common factor of 11 and 176?
11
Calculate the greatest common factor of 14 and 1085.
7
Calculate the greatest common factor of 16 and 35248.
16
What is the greatest common factor of 4056 and 120?
24
What is the highest common factor of 96 and 320?
32
What is the greatest common divisor of 45 and 20?
5
What is the greatest common divisor of 220 and 1375?
55
Calculate the greatest common divisor of 648 and 8.
8
What is the greatest common factor of 583 and 159?
53
Calculate the highest common factor of 7360 and 115.
115
What is the highest common factor of 1265 and 330?
55
What is the greatest common divisor of 156 and 42?
6
Calculate the highest common factor of 858 and 198.
66
Calculate the highest common divisor of 1992 and 24.
24
What is the highest common divisor of 36 and 2043?
9
What is the highest common factor of 365 and 10?
5
Calculate the highest common factor of 574 and 112.
14
Calculate the greatest common divisor of 5061 and 21.
21
What is the highest common divisor of 22162 and 14?
14
What is the highest common factor of 60 and 3140?
20
What is the greatest common factor of 125 and 175?
25
Calculate the highest common factor of 19 and 1349.
19
What is the greatest common divisor of 65 and 45?
5
What is the greatest common factor of 1760 and 55?
55
Calculate the highest common divisor of 9 and 83043.
9
Calculate the highest common factor of 1792 and 1408.
128
Calculate the highest common factor of 49 and 39151.
49
What is the greatest common divisor of 437 and 209?
19
What is the highest common factor of 25 and 2425?
25
What is the greatest common factor of 2350 and 188?
94
Calculate the greatest common divisor of 66 and 627.
33
What is the greatest common factor of 12 and 2092?
4
What is the highest common factor of 69 and 621?
69
What is the greatest common factor of 451 and 164?
41
Calculate the highest common factor of 36 and 63.
9
What is the greatest common factor of 34815 and 330?
165
Calculate the greatest common factor of 913 and 66.
11
Calculate the highest common factor of 1628 and 176.
44
Calculate the highest common factor of 40 and 32.
8
What is the greatest common factor of 7 and 91?
7
What is the highest common factor of 315 and 540?
45
Calculate the greatest common divisor of 950 and 152.
38
Calculate the greatest common divisor of 9666 and 9.
9
Calculate the highest common factor of 195 and 28431.
39
Calculate the highest common factor of 4225 and 25.
25
Calculate the greatest common divisor of 36 and 852.
12
What is the greatest common divisor of 5 and 3355?
5
Calculate the highest common divisor of 156 and 2262.
78
Calculate the greatest common divisor of 25 and 9.
1
What is the highest common factor of 1132 and 4?
4
Calculate the greatest common divisor of 9845 and 55.
55
What is the greatest common divisor of 71 and 12283?
71
What is the highest common divisor of 140 and 14?
14
Calculate the greatest common divisor of 117 and 325.
13
Calculate the greatest common divisor of 90 and 210.
30
Calculate the highest common divisor of 168 and 5334.
42
What is the greatest common divisor of 21 and 5481?
21
Calculate the greatest common factor of 1043 and 8493.
149
Calculate the highest common divisor of 45 and 1467.
9
Calculate the highest common factor of 4578 and 168.
42
What is the greatest common divisor of 11 and 209?
11
What is the highest common divisor of 9 and 13?
1
What is the greatest common factor of 16 and 1424?
16
Calculate the greatest common factor of 112 and 7336.
56
What is the highest common factor of 231 and 15?
3
Calculate the highest common factor of 64 and 11456.
64
Calculate the greatest common factor of 264 and 3456.
24
What is the greatest common factor of 7 and 343?
7
Calculate the greatest common factor of 306 and 198.
18
Calculate the highest common factor of 38 and 1102.
38
What is the greatest common divisor of 126 and 99729?
63
What is the greatest common factor of 77 and 49?
7
Calculate the greatest common divisor of 4 and 568.
4
Calculate the greatest common divisor of 1699 and 1.
1
Calculate the highest common factor of 289 and 51.
17
Calculate the highest common divisor of 325 and 100.
25
Calculate the highest common divisor of 3939 and 202.
101
Calculate the greatest common factor of 301 and 172.
43
Calculate the highest common divisor of 1035 and 115.
115
Calculate the greatest common factor of 51468 and 24.
12
Calculate the greatest common factor of 1314 and 2774.
146
Calculate the highest common divisor of 61 and 976.
61
What is the highest common factor of 187 and 55?
11
What is the greatest common factor of 58 and 638?
58
What is the greatest common divisor of 44 and 44?
44
Calculate the highest common divisor of 740 and 518.
74
What is the highest common divisor of 475 and 380?
95
What is the greatest common factor of 564 and 2?
2
What is the highest common factor of 12 and 636?
12
Calculate the highest common divisor of 609 and 21.
21
What is the greatest common factor of 21 and 17703?
21
Calculate the highest common factor of 128 and 2208.
32
Calculate the highest common divisor of 70203 and 21.
21
Calculate the greatest common factor of 377 and 117.
13
Calculate the highest common factor of 24 and 303.
3
What is the greatest common factor of 1525 and 25?
25
What is the greatest common factor of 704 and 13024?
352
Calculate the greatest common divisor of 95 and 55480.
95
What is the greatest common divisor of 7 and 15064?
7
Calculate the greatest common factor of 5 and 25.
5
What is the highest common divisor of 6890 and 10?
10
Calculate the highest common factor of 79 and 1264.
79
What is the highest common divisor of 4743 and 918?
153
What is the highest common factor of 175 and 60?
5
Calculate the greatest common factor of 1819 and 107.
107
Calculate the highest common factor of 3 and 3309.
3
What is the greatest common divisor of 242 and 154?
22
What is the greatest common factor of 199 and 3184?
199
Calculate the highest common factor of 333 and 6993.
333
Calculate the highest common factor of 66 and 9878.
22
What is the greatest common factor of 574 and 70?
14
Calculate the highest common divisor of 167 and 11857.
167
Calculate the greatest common factor of 14509 and 11.
11
Calculate the greatest common divisor of 86 and 258.
86
Calculate the highest common divisor of 375 and 45.
15
What is the highest common divisor of 15 and 2865?
15
Calculate the greatest common divisor of 2679 and 141.
141
Calculate the highest common divisor of 58 and 2.
2
Calculate the greatest common divisor of 52 and 31304.
52
Calculate the highest common divisor of 104520 and 260.
260
What is the greatest common divisor of 4655 and 95?
95
Calculate the highest common factor of 147 and 3885.
21
Calculate the highest common factor of 367 and 3.
1
What is the highest common factor of 22820 and 280?
140
Calculate the greatest common factor of 1990 and 60.
10
Calculate the greatest common divisor of 1802 and 318.
106
What is the highest common factor of 17 and 527?
17
What is the greatest common factor of 550 and 44?
22
Calculate the highest common factor of 744 and 24.
24
Calculate the greatest common divisor of 77 and 22.
11
Calculate the highest common divisor of 15 and 132.
3
Calculate the greatest common factor of 39 and 455.
13
Calculate the greatest co